{"id":469,"date":"2022-08-25T08:48:00","date_gmt":"2022-08-25T08:48:00","guid":{"rendered":"https:\/\/lteminescu.md\/?page_id=469"},"modified":"2024-11-11T09:28:19","modified_gmt":"2024-11-11T09:28:19","slug":"reteaua-de-clase","status":"publish","type":"page","link":"https:\/\/lteminescu.md\/?page_id=469","title":{"rendered":"Re\u021beaua de clase"},"content":{"rendered":"\t\t<div data-elementor-type=\"wp-page\" data-elementor-id=\"469\" class=\"elementor elementor-469\">\n\t\t\t\t\t\t\t\t\t<header class=\"elementor-section elementor-top-section elementor-element elementor-element-7afb857 elementor-section-height-min-height elementor-section-items-stretch elementor-section-content-middle elementor-section-boxed elementor-section-height-default\" data-id=\"7afb857\" data-element_type=\"section\" data-settings=\"{&quot;background_background&quot;:&quot;video&quot;,&quot;background_video_start&quot;:14,&quot;background_video_end&quot;:24,&quot;background_play_on_mobile&quot;:&quot;yes&quot;}\">\n\t\t\t\t\t\t\t<div class=\"elementor-background-overlay\"><\/div>\n\t\t\t\t\t\t\t<div class=\"elementor-container elementor-column-gap-no\">\n\t\t\t\t\t<div class=\"elementor-column elementor-col-100 elementor-top-column elementor-element elementor-element-8650bce\" data-id=\"8650bce\" data-element_type=\"column\">\n\t\t\t<div class=\"elementor-widget-wrap elementor-element-populated\">\n\t\t\t\t\t\t\t\t<div class=\"elementor-element elementor-element-6fc4c92 animated-slow elementor-invisible elementor-widget elementor-widget-heading\" data-id=\"6fc4c92\" data-element_type=\"widget\" data-settings=\"{&quot;_animation&quot;:&quot;fadeInUp&quot;,&quot;_animation_delay&quot;:100}\" data-widget_type=\"heading.default\">\n\t\t\t\t<div class=\"elementor-widget-container\">\n\t\t\t<style>\/*! elementor - v3.6.6 - 08-06-2022 *\/\n.elementor-heading-title{padding:0;margin:0;line-height:1}.elementor-widget-heading .elementor-heading-title[class*=elementor-size-]>a{color:inherit;font-size:inherit;line-height:inherit}.elementor-widget-heading .elementor-heading-title.elementor-size-small{font-size:15px}.elementor-widget-heading .elementor-heading-title.elementor-size-medium{font-size:19px}.elementor-widget-heading .elementor-heading-title.elementor-size-large{font-size:29px}.elementor-widget-heading .elementor-heading-title.elementor-size-xl{font-size:39px}.elementor-widget-heading .elementor-heading-title.elementor-size-xxl{font-size:59px}<\/style><h3 class=\"elementor-heading-title elementor-size-default\">Re\u021beaua de clase<\/h3>\t\t<\/div>\n\t\t\t\t<\/div>\n\t\t\t\t<div class=\"elementor-element elementor-element-4269075 elementor-widget elementor-widget-heading\" data-id=\"4269075\" data-element_type=\"widget\" data-widget_type=\"heading.default\">\n\t\t\t\t<div class=\"elementor-widget-container\">\n\t\t\t<h1 class=\"elementor-heading-title elementor-size-default\">Re\u021beaua de clase \u0219i efectivul de elevi\nInstitu\u021bia Public\u0103  Institu\u021bia de \u00cenv\u0103\u021b\u0103m\u00e2nt Liceul Teoretic \u201eM.Eminescu\u201d\nanul de studii 2024 \u2013 2025\n<\/h1>\t\t<\/div>\n\t\t\t\t<\/div>\n\t\t\t\t\t<\/div>\n\t\t<\/div>\n\t\t\t\t\t\t\t<\/div>\n\t\t<\/header>\n\t\t\t\t<section class=\"elementor-section elementor-top-section elementor-element elementor-element-ae3c9d0 elementor-section-boxed elementor-section-height-default elementor-section-height-default\" data-id=\"ae3c9d0\" data-element_type=\"section\">\n\t\t\t\t\t\t<div class=\"elementor-container elementor-column-gap-default\">\n\t\t\t\t\t<div class=\"elementor-column elementor-col-100 elementor-top-column elementor-element elementor-element-dc2f286\" data-id=\"dc2f286\" data-element_type=\"column\">\n\t\t\t<div class=\"elementor-widget-wrap elementor-element-populated\">\n\t\t\t\t\t\t\t\t<div class=\"elementor-element elementor-element-39ee4e2 elementor-widget elementor-widget-shortcode\" data-id=\"39ee4e2\" data-element_type=\"widget\" data-widget_type=\"shortcode.default\">\n\t\t\t\t<div class=\"elementor-widget-container\">\n\t\t\t\t\t<div class=\"elementor-shortcode\">\n<table id=\"tablepress-3\" class=\"tablepress tablepress-id-3\">\n<thead>\n<tr class=\"row-1 odd\">\n\t<th class=\"column-1\">Nr. d\/o  <\/th><th class=\"column-2\">Niveluri\/cicluri<\/th><th class=\"column-3\">Num\u0103r de elevi<\/th>\n<\/tr>\n<\/thead>\n<tbody class=\"row-hover\">\n<tr class=\"row-2 even\">\n\t<td class=\"column-1\">1<\/td><td class=\"column-2\">Nivelul 1 \u2013 \u00eenv\u0103\u0163\u0103m\u00e2ntul primar<\/td><td class=\"column-3\">636<\/td>\n<\/tr>\n<tr class=\"row-3 odd\">\n\t<td class=\"column-1\">2<\/td><td class=\"column-2\">Nivelul 2 \u2013 \u00eenv\u0103\u0163\u0103m\u00e2ntul secundar, ciclul I: \u00eenv\u0103\u0163\u0103m\u00e2ntul gimnazial<\/td><td class=\"column-3\">594<\/td>\n<\/tr>\n<tr class=\"row-4 even\">\n\t<td class=\"column-1\">3<\/td><td class=\"column-2\">Nivelul 3 \u2013 \u00eenv\u0103\u0163\u0103m\u00e2ntul secundar, ciclul II: \u00eenv\u0103\u0163\u0103m\u00e2ntul liceal<\/td><td class=\"column-3\">200<\/td>\n<\/tr>\n<tr class=\"row-5 odd\">\n\t<td class=\"column-1\"><\/td><td class=\"column-2\">total<\/td><td class=\"column-3\">1430<\/td>\n<\/tr>\n<\/tbody>\n<\/table>\n<!-- #tablepress-3 from cache --><\/div>\n\t\t\t\t<\/div>\n\t\t\t\t<\/div>\n\t\t\t\t\t<\/div>\n\t\t<\/div>\n\t\t\t\t\t\t\t<\/div>\n\t\t<\/section>\n\t\t\t\t\t\t\t<\/div>\n\t\t","protected":false},"excerpt":{"rendered":"<p>Re\u021beaua de clase Re\u021beaua de clase \u0219i efectivul de elevi Institu\u021bia Public\u0103 Institu\u021bia de \u00cenv\u0103\u021b\u0103m\u00e2nt Liceul Teoretic \u201eM.Eminescu\u201d anul de studii 2024 \u2013 2025<\/p>\n","protected":false},"author":1,"featured_media":0,"parent":0,"menu_order":0,"comment_status":"closed","ping_status":"closed","template":"elementor_theme","meta":{"footnotes":""},"class_list":["post-469","page","type-page","status-publish","hentry","entry"],"_links":{"self":[{"href":"https:\/\/lteminescu.md\/index.php?rest_route=\/wp\/v2\/pages\/469","targetHints":{"allow":["GET"]}}],"collection":[{"href":"https:\/\/lteminescu.md\/index.php?rest_route=\/wp\/v2\/pages"}],"about":[{"href":"https:\/\/lteminescu.md\/index.php?rest_route=\/wp\/v2\/types\/page"}],"author":[{"embeddable":true,"href":"https:\/\/lteminescu.md\/index.php?rest_route=\/wp\/v2\/users\/1"}],"replies":[{"embeddable":true,"href":"https:\/\/lteminescu.md\/index.php?rest_route=%2Fwp%2Fv2%2Fcomments&post=469"}],"version-history":[{"count":19,"href":"https:\/\/lteminescu.md\/index.php?rest_route=\/wp\/v2\/pages\/469\/revisions"}],"predecessor-version":[{"id":1562,"href":"https:\/\/lteminescu.md\/index.php?rest_route=\/wp\/v2\/pages\/469\/revisions\/1562"}],"wp:attachment":[{"href":"https:\/\/lteminescu.md\/index.php?rest_route=%2Fwp%2Fv2%2Fmedia&parent=469"}],"curies":[{"name":"wp","href":"https:\/\/api.w.org\/{rel}","templated":true}]}}